common divisor of r and 28?
14
Let l(r) = -r + 1. Let j(u) = -u**2 - 10*u - 1. Let i(t) = j(t) - 2*l(t). Let v be i(-3). Calculate the greatest common factor of v and 24.
12
Let q = 121 - 81. Let d be (-65)/3 + (-2)/(-3). Let i = d - -37. What is the greatest common divisor of i and q?
8
Let i(u) = u**2 + 21. Let f be i(0). Calculate the greatest common divisor of f and 189.
21
Let y be ((0 - 4) + -2)/(-1). Let x = -13 + 37. Let c = x - 6. Calculate the greatest common divisor of y and c.
6
Let x(k) = 8*k - 2. Let b be x(4). Let q = b - -58. Suppose 0 = l - 0*f - 5*f + 4, -4*l + 56 = 4*f. What is the highest common factor of l and q?
11
Let j = 6 + -6. Let y(r) = 187 + j*r**2 + 3*r**2 - r**2 - 3*r**2. Let w be y(0). What is the highest common factor of w and 17?
17
Let s = 321 - 195. Calculate the highest common divisor of 14 and s.
14
Suppose p - 212 - 4 = 0. What is the greatest common factor of p and 27?
27
Let x(b) = b**2 + 3*b + 5. Let l be x(-6). What is the highest common divisor of 115 and l?
23
Suppose 3*k + 3*j - 17 = 16, 4*j = 4*k - 76. Suppose 2*r - 5 - k = 0. Let i = 21 - 6. What is the highest common divisor of r and i?
5
Let f = -210 - -138. Let z be (-4)/(-26) + f/(-39). What is the highest common divisor of 22 and z?
2
Let h = -38 - -126. Calculate the highest common factor of h and 11.
11
Let b(m) = 44*m + 2. Let f = -4 - -6. Let p be b(f). Suppose -j = 5*l - 53, 4*l - 2*j - 3 = 31. Calculate the greatest common divisor of p and l.
10
Let b(a) = -4*a + 8 + 2*a**2 + a**2 + a**3 - 4. Let z be b(-4). What is the highest common factor of z and 1?
1
Let o = -11 + 27. Let m(x) = -4*x + 4. Let t be m(-3). What is the highest common factor of o and t?
16
Let y be (5 - 2)*2/3. Suppose -h + n = -9, h + 7 = 4*h + y*n. Calculate the highest common factor of h and 20.
5
Suppose 0 = -5*p + 3*g + 103, 5*g - 3*g - 18 = -p. Let t be (-32)/(-6) - (-2)/(-6). What is the greatest common divisor of t and p?
5
Suppose -j - 12 - 10 = 5*o, 2*j - 2*o = -8. Let h be (-58)/j + 4/(-14). Suppose -h*f + 3*f + 330 = 0. Calculate the greatest common factor of f and 6.
6
Let m(x) = 4*x**2 - 4*x + 3. Let c be m(3). Calculate the greatest common factor of 18 and c.
9
Let u be 3 + 3*(-2)/(-6). Let s be -4*(-2)/16*40. What is the greatest common factor of s and u?
4
Suppose 3*c = -2*c + 250. Suppose -2*n = 10, f - 24 = -f + 2*n. Let b = f - -3. Calculate the highest common factor of c and b.
10
Suppose 2*o - 2*y = 2 + 8, 0 = 4*o + 4*y - 28. Let a = 40 + -16. Calculate the highest common factor of o and a.
6
Let b be (-57)/(-4) - (-4)/(-16). What is the highest common factor of 14 and b?
14
Let q be 1/2 + 63/6. Calculate the greatest common factor of q and 121.
11
Let c = 22 + 0. Let p = -45 - -78. Calculate the greatest common factor of c and p.
11
Let g be 8/5*(-10)/(-4)*10. Calculate the greatest common factor of g and 80.
40
Let p be 8/(-4) + 2 + 5. Calculate the highest common divisor of 1 and p.
1
Suppose 0 = 4*y + 5*p - 3 - 31, 5*y - 53 = -p. What is the greatest common divisor of 11 and y?
11
Suppose -3*s = -0*g - 5*g - 27, 2*g = -6. Suppose 34 = -s*i + 2. Let t = i + 23. Calculate the greatest common divisor of 30 and t.
15
Suppose 2*c - 18 = -c. Let l = c - -29. Suppose l = 4*p + 7. Calculate the greatest common factor of 14 and p.
7
Let l be 2/(-1*(-2)/87). Let f = 54 - l. Let k be (-3)/12 + f/(-4). What is the greatest common divisor of 88 and k?
8
Suppose p + 13 = 19. Let f = -10 + -3. Let t = f - -67. Calculate the highest common divisor of t and p.
6
Suppose 3 = -5*n + 38. Let r be -84*3/9*-8. Suppose 5*m = m + r. Calculate the highest common factor of m and n.
7
Let n(l) = l**3 + 3*l**2 - 6*l + 6. Let f be n(-5). Let t be ((-1)/3)/(f/714). What is the greatest common factor of t and 153?
17
Suppose 3*h - 2*h = 12. Let z be (-1 - -2)*12/3. Suppose -z*x + 31 = -1. Calculate the greatest common divisor of h and x.
4
Let y be 1/(3 - (-334)/(-112)). What is the highest common divisor of 8 and y?
8
Let q be -3 + 11/(-2)*-2. Calculate the greatest common factor of q and 1.
1
Let g be (8 - 7)/(2/4). Let w be 226/8 - g/8. Calculate the greatest common divisor of w and 42.
14
Let r = 238 + 2. Calculate the highest common factor of 24 and r.
24
Let k(i) be the second derivative of -i**4/12 - 3*i**3/2 - 11*i**2/2 - 2*i. Let l be k(-6). Calculate the greatest common factor of l and 56.
7
Let y be 75/10*(-42)/(-9). What is the highest common divisor of y and 14?
7
Let m = -76 + 82. Calculate the greatest common factor of m and 6.
6
Let b be (2 - 3)/((-2)/10). Suppose 2*l = 4*l - 2*p - 42, 0 = -3*l - b*p + 23. Let q be (10 + -7)*(0 + 16). Calculate the greatest common divisor of q and l.
16
Suppose -4*y - 16 = 0, -2*j - 2*j + 3*y + 116 = 0. Let d = 15 - 2. Calculate the highest common factor of d and j.
13
Let n be 10/3 - (-6)/9. Let w be 4/10 + (-117)/5. Let i = -15 - w. Calculate the highest common factor of i and n.
4
Suppose 0 = -t - 6*u + 3*u + 135, 3*u = -5*t + 663. Calculate the highest common factor of t and 12.
12
Let q be (-4)/14 + (-58)/(-7). Suppose 6*c = 14*c - 320. What is the highest common factor of c and q?
8
Let f be (-1)/3 + (-1)/(-3). Suppose f = -k + 5*k - 24. Let o be 4 - (-220)/5*1. Calculate the highest common factor of k and o.
6
Suppose 2*o = -2*d + 154, 3*o + 122 + 22 = 2*d. What is the greatest common divisor of d and 50?
25
Suppose -d - 4*d = 0. Suppose 5*k - 1 - 24 = d. Let j(f) = f**3 - f**2 + 4. Let i be j(k). What is the highest common divisor of i and 13?
13
Let x = -2 - 1. Let h = x - 51. Let b = h - -94. What is the highest common divisor of 16 and b?
8
Suppose -3*f + 14 = -f. Suppose -3*n - 1 + f = 0. Let z be -1*(4 - n) - -3. Calculate the highest common divisor of 9 and z.
1
Let w = 292 + -416. Let g = w + 179. What is the greatest common factor of 22 and g?
11
Let y be (-65)/26*(-1 - 1). Calculate the highest common divisor of 55 and y.
5
Suppose 2 + 2 = q. Suppose 60 = h + q*h. Calculate the highest common divisor of h and 36.
12
Let d be 2 + ((-186)/9)/((-4)/72). What is the highest common divisor of d and 22?
22
Let w = 48 - 36. Calculate the highest common divisor of w and 3.
3
Let o(p) = -p + 6. Let m be o(6). Suppose m = 4*l - 86 - 90. What is the greatest common factor of 4 and l?
4
Let r be (-50)/(-15) - (-2)/(-6). Suppose -r*p + 1 + 5 = 0. Suppose -h = -1 - p. Calculate the highest common factor of h and 15.
3
Suppose 3*f = 2*d - 516, -3*d - 4*f = -0*d - 740. What is the greatest common factor of d and 28?
28
Suppose -4*t - 9 = -21. Let z = -20 + 20. Suppose t*w + z*w - 18 = 0. What is the highest common factor of w and 3?
3
Let s(l) = -2*l**3 - l**3 + 4 - 11*l**2 - 3*l**3 - 13*l + 5*l**3. Let q be s(-10). What is the highest common factor of 17 and q?
17
Suppose 0 = -3*l + 4*b + 79, -b - 83 + 16 = -3*l. Calculate the highest common factor of 63 and l.
21
Let y(u) = 19*u - 1 + 3*u**2 - 17*u + 233*u**3 - 5*u**2. Let b be y(1). What is the greatest common divisor of b and 29?
29
Suppose -4*p = -141 + 21. What is the greatest common factor of p and 20?
10
Let o be 7/2*(-8)/(-14). Let n be -2 + (1 - -3) + 13. Suppose 3*r - m - m = n, -4*r = 3*m - 20. Calculate the highest common factor of o and r.
1
Let u = 22 + 2. Suppose 4*z - 12 - 8 = -j, -4*j + 3*z + 4 = 0. What is the greatest common divisor of j and u?
4
Let m be 3*(-8)/(-12) + 23. Calculate the highest common divisor of m and 275.
25
Let r be 1/2 - (-1182)/(-24)*-2. Suppose -18 = -2*u - 2*h + h, -2*u - 3*h + 10 = 0. What is the highest common divisor of r and u?
11
Suppose -3*h + 4*s = -63, -3*h + 3*s = -24 - 36. Suppose 0 = 2*r - h - 5. What is the greatest common divisor of 55 and r?
11
Let k(b) = -6*b + 40. Let g be k(0). Calculate the greatest common factor of g and 5.
5
Suppose 0 = -x - 1, 2*c + 31 = 6*x - x. Let g be 2/(-9) - 292/c. What is the greatest common factor of g and 16?
16
Let p be 5/3 + (-1)/(-3). Let b(j) = 2*j + 17. Let s be b(-8). What is the highest common factor of p and s?
1
Let d(h) = h**3 + h**2 - h + 1. Let j be d(2). Let g be (4/(-8))/((-2)/308). What is the highest common factor of g and j?
11
Let o = -22 + 34. Let n(u) = -u - 2. Let k be n(2). Let h be 291/12 + k/16. Calculate the highest common factor of h and o.
12
Suppose 3*